ime factors of (132/(-8))/(k/2)?
3, 11
Let a(h) = 4*h - 2. Let s(g) = g**3 - 9*g**2 + 4. Let w be s(9). Suppose 5*x - w*j - 32 = 0, -2*x + 4*j + 28 = 2*x. List the prime factors of a(x).
2, 7
Let o = 3816 - 364. List the prime factors of o.
2, 863
Suppose -3*a - 638 = 3*v + 34, -4*v + 2*a = 866. Let h = v + 152. Let i = -38 - h. List the prime factors of i.
29
Let c be 1/(-2)*0 - -16. Let t(w) = w**2 - 15*w + 17. Let h be t(c). Suppose -5*v + y + 29 = -46, -2*v + h = -y. List the prime factors of v.
2, 7
What are the prime factors of (34055/(-49))/(1/(-2))?
2, 5, 139
Let q(w) = -w**2 - 10*w + 1. Suppose 3*p - 12 = 5*u, -3*p + 6 = -3*u - 6. Let t be p - 10 - (-2 - -1). List the prime factors of q(t).
2, 13
Suppose 2*r + 6 = 0, -5*v - 2*r - 17 - 9 = 0. Let q be 0 + 74 + v + -3. Let w = q + 2. List the prime factors of w.
3, 23
Let h be (0 - -1)/(4/28). Let g(u) = -2 + 0*u - u - 5*u - h. List the prime factors of g(-6).
3
Suppose 14*y = 15*y + 45. Let o(v) = -v**3 - 6*v**2 + 7*v + 3. Let q be o(-8). Let l = y + q. List the prime factors of l.
2, 3, 5
Suppose 0 = 14*u + 10312 - 38578. What are the prime factors of u?
3, 673
Suppose 3*w - 2840 - 4350 = -4*l, -3*w + 2*l = -7214. What are the prime factors of w?
2, 1201
Let k(z) = 293*z + 1. List the prime factors of k(1).
2, 3, 7
Let f = 566 - 8. What are the prime factors of f?
2, 3, 31
Suppose -s = -4*i + 2436, -s + 3046 = 5*i - 2*s. Suppose -4*h = 5*y - i, 3*y - 2*y - 101 = -5*h. List the prime factors of y.
2, 3, 7
Let b(t) = 2*t**2 + 9*t - 22. Let h be (33/(-55))/(1/15)*1. List the prime factors of b(h).
59
Let n(q) = 54*q**2 - 3*q + 84. List the prime factors of n(-6).
2, 3, 11, 31
Let f(j) be the first derivative of j**4/4 + 8*j**3/3 - 11*j**2/2 - 6*j - 11. What are the prime factors of f(-9)?
2, 3
Let n = 6656 + -4230. What are the prime factors of n?
2, 1213
Let s = -108 - -112. Suppose 4*l = -5*t + 3*t + 770, 0 = s*t + 12. List the prime factors of l.
2, 97
What are the prime factors of (-5 + (-381)/6)*-4?
2, 137
Suppose 5*z - j = -0*z - 879, -3*z = -4*j + 541. Let h = 61 - z. List the prime factors of 3/15 - h/(-20).
2, 3
Suppose o + p = 0, 0*p + 12 = -3*p. Let j(b) = -3 - b + 2 + o*b. List the prime factors of j(7).
2, 5
Suppose -2*i = 3*i. Suppose 0*j - 4*j = -5*r - 31, i = 4*r + j + 8. List the prime factors of 35 + r + (3 - -1).
2, 3
Let t = 9 + -5. Suppose 0 = -t*a - 0*a + 212. List the prime factors of a.
53
Suppose -3*t + 2*t = 1. Let p = t + 4. Suppose 0 = u + p*u - 128. What are the prime factors of u?
2
Let u(v) = -63*v**3 - 5*v**2 + 10*v + 38. What are the prime factors of u(-3)?
2, 13
Suppose 8*d - d = 2044. List the prime factors of d.
2, 73
Let s = 373 - -270. List the prime factors of s.
643
Let l be (-1)/(2 - 9/6) + -1. List the prime factors of ((15 + l)/(-3))/((-10)/515).
2, 103
Let s(k) = 67*k - 91. List the prime factors of s(6).
311
Suppose 316*d - 312*d = 4284. What are the prime factors of d?
3, 7, 17
Let g(k) = 22*k - 3. List the prime factors of g(7).
151
Let p(c) = -21*c - 1. Suppose -12*w = -11*w + 3. What are the prime factors of p(w)?
2, 31
Suppose -5*o - u - 3*u = -39, 0 = 4*u + 16. Suppose o*v - 244 = 1527. What are the prime factors of v?
7, 23
Let s(w) = -2*w**2 - w + 9 - 7*w**2 + 5 - 9*w + w**3. List the prime factors of s(10).
2, 7
Suppose -2*u = -0*u - 16. Let c(g) be the second derivative of g**3/6 + 7*g**2/2 - 22*g. List the prime factors of c(u).
3, 5
Let x = -1667 - -2795. List the prime factors of x.
2, 3, 47
Let r(c) be the third derivative of -c**6/120 - c**5/12 + c**4/8 - c**3/2 + 2*c**2. Let j be (-7)/14 + 11/(-2). List the prime factors of r(j).
3, 5
Let p = 1438 - 849. List the prime factors of p.
19, 31
Let b(g) = 82*g + 25. What are the prime factors of b(11)?
3, 103
Let k = 2 + -3. Let h be 3/k - (-27)/(-3). Let m = h + 29. What are the prime factors of m?
17
Let n(b) = 10*b - 9. Let o(z) = -z. Let t(h) = -n(h) - 6*o(h). What are the prime factors of t(-3)?
3, 7
Let k = -140 + 138. Let v = -25 + 35. Let w = k + v. What are the prime factors of w?
2
Suppose 3*u + 5 = 11. Suppose 0 = v - u*x - 2, 2*v - 5*x = 5*v - 6. Suppose 2 + v = -2*m, -a + m + 46 = 0. What are the prime factors of a?
2, 11
Let y = 2129 - 1136. List the prime factors of y.
3, 331
Let u = 703 + 251. List the prime factors of u.
2, 3, 53
Suppose 1104 = 8*i + 1024. List the prime factors of i.
2, 5
Suppose -5*d + b + 135 = 5*b, -3*d + 74 = b. Suppose 18 = 5*h + d. Let w = 5 - h. List the prime factors of w.
2, 3
Let s = 85 + -59. List the prime factors of s.
2, 13
Let s(d) = 56*d**3 + d**2 - 2*d + 4. What are the prime factors of s(2)?
2, 113
Let t(n) = -189*n + 621. Let o(x) = 19*x - 62. Let p(q) = -21*o(q) - 2*t(q). List the prime factors of p(-8).
2, 3, 19
Suppose -2*a + 5*f = -0*a - 1, 3 = 2*a - 3*f. Suppose -5*c = i - 20, -2*c + 2*i = -a*i - 8. Suppose -c = -l + 9. List the prime factors of l.
13
Let w(o) = o**3 + 4*o**2 + 2*o. Let f be w(-3). Let t(q) = -q**2 + 2*q + 2. Let j be t(f). List the prime factors of j/(40/42 + -1).
3, 7
Suppose -509 - 4861 = -5*z. What are the prime factors of z?
2, 3, 179
Let p(k) = k**2 - 7*k + 1. Let a be p(7). Let g = 11 + -2. List the prime factors of (3/g)/a*39.
13
Suppose 82841 + 129997 = 57*k. What are the prime factors of k?
2, 1867
Let r(o) = 293*o**2 - 4*o - 292*o**2 + 1 + 2. What are the prime factors of r(6)?
3, 5
What are the prime factors of 4 - ((-986 - 1) + 6 - 1)?
2, 17, 29
Let i(r) = 205*r - 9. What are the prime factors of i(2)?
401
Let x(g) be the first derivative of -g**4/4 + g**3/3 + g**2/2 + 67*g - 10. What are the prime factors of x(0)?
67
Let p(g) = -7*g**2 - g**2 + 7*g**2 + 15 - g**3. What are the prime factors of p(0)?
3, 5
Suppose -776 = -5*r + 4*p + 1509, 0 = 5*p. List the prime factors of r.
457
Suppose t = 3*x + 12, 0*x - 2*x - 12 = -2*t. Suppose -w - t*w + 16 = 0, 2*p - 5*w - 44 = 0. What are the prime factors of p?
2
Suppose -3*h - 2675 = -4*s, -9*s + 3*h = -13*s + 2645. What are the prime factors of s?
5, 7, 19
Let l(u) = 3*u**2 + u - 2. Let f be l(3). Let v be f/10 + (-5)/(-25). Suppose v = -2*r + 71. List the prime factors of r.
2, 17
Suppose -3*m - 32 = -m. Let u = 34 - m. Suppose u - 10 = f. List the prime factors of f.
2, 5
Let w = -53 + 75. Let p be (-6)/(-12) + ((-6)/(-4) - 1). Let a = w - p. List the prime factors of a.
3, 7
Let b(n) = -n + 5. Let g be b(-1). Let o = g + 43. List the prime factors of o.
7
Let p = -3 - -7. Let y = -47 - -47. Suppose y = 2*b + p - 8. List the prime factors of b.
2
Suppose c + z = 376, 0 = 5*c + z - 489 - 1379. Suppose 4*o - 126 - c = -5*h, o + 107 = h. What are the prime factors of h?
103
Let h be (-1 - -3 - 0)/1. Suppose 0 = -3*z - 7*c + h*c + 311, -z + 106 = 4*c. List the prime factors of z.
2, 3, 17
Suppose -2*f + 411 - 103 = 0. What are the prime factors of f?
2, 7, 11
Suppose 5*y + q - 4*q = 1875, -4*y = 3*q - 1473. What are the prime factors of y?
2, 3, 31
Let y = 9 + -2. Suppose -3*w = 3, -2*c - 5*w - y = -4*c. List the prime factors of (273/(-26))/(c/(-2)).
3, 7
Let i(g) = g**3 + 57*g**2 - 118*g - 26. What are the prime factors of i(-58)?
2, 11, 157
What are the prime factors of (0 - -5)*1 - -599?
2, 151
Let b = -29 + 34. Suppose 2*i = b*i - 99. List the prime factors of i.
3, 11
Suppose -2*n = -8, 5*a + 73*n - 2164 = 77*n. List the prime factors of a.
2, 109
Suppose 0 = 2*y + 5*j + 9, -3*y + 3*j - 4*j + 6 = 0. List the prime factors of y.
3
Let l(p) = p - 45. Let f(r) = -r + 1. Let k(b) = 2*f(b) - l(b). What are the prime factors of k(-12)?
83
Let c(o) be the second derivative of 53*o**3/6 - 7*o**2/2 - 19*o. List the prime factors of c(3).
2, 19
Suppose 2*u = 8 - 0. Suppose -2*i - 7 = -0*g - 3*g, g = u*i - 1. Suppose 0 = -5*f + g*x, -2*x - 3*x + 19 = -2*f. What are the prime factors of f?
3
List the prime factors of 38/95 + (-3158)/(-5).
2, 79
Let x be -2 - (-8 + 4) - -30. Suppose b + 3*a = x, 4*a - a + 46 = 2*b. List the prime factors of b.
2, 13
Suppose -4*h + 46 = 18. Let m = -19 + h. List the prime factors of 1*-3*8/m.
2
Suppose -b - 2*d = -0*d - 8, -d = 4*b - 25. Let l be ((-60)/50)/(b/(-20)). List the prime factors of 2 - (-10 - 8/l).
2, 7
Let y = -1959 - -4906. What are the prime factors of y?
7, 421
Suppose 4*b - 3*r = -b + 773, -20 = -5*r. Let j